{"id":207,"date":"2024-02-20T12:00:10","date_gmt":"2024-02-20T11:00:10","guid":{"rendered":"https:\/\/eo-vmw-jwpa.ku.de\/wordpress-ms\/wolkersdorfer\/?page_id=207"},"modified":"2024-02-29T18:16:39","modified_gmt":"2024-02-29T17:16:39","slug":"erfahrungsbericht","status":"publish","type":"page","link":"https:\/\/eo-vmw-jwpa.ku.de\/wordpress-ms\/wolkersdorfer\/erfahrungsbericht\/","title":{"rendered":"Erfahrungsberichte"},"content":{"rendered":"\n<h2 class=\"wp-block-heading\">Raffi <\/h2>\n\n\n\n<div style=\"height:0px\" aria-hidden=\"true\" class=\"wp-block-spacer\"><\/div>\n\n\n\n<figure class=\"wp-block-gallery has-nested-images columns-default is-cropped wp-block-gallery-1 is-layout-flex wp-block-gallery-is-layout-flex\">\n<figure class=\"wp-block-image size-large\"><img fetchpriority=\"high\" decoding=\"async\" width=\"1024\" height=\"683\" data-id=\"208\" src=\"https:\/\/eo-vmw-jwpa.ku.de\/wordpress-ms\/wolkersdorfer\/wp-content\/uploads\/sites\/207\/2024\/02\/AE0A5165-1024x683.jpg\" alt class=\"wp-image-208\" srcset=\"https:\/\/eo-vmw-jwpa.ku.de\/wordpress-ms\/wolkersdorfer\/wp-content\/uploads\/sites\/207\/2024\/02\/AE0A5165-1024x683.jpg 1024w, https:\/\/eo-vmw-jwpa.ku.de\/wordpress-ms\/wolkersdorfer\/wp-content\/uploads\/sites\/207\/2024\/02\/AE0A5165-300x200.jpg 300w, https:\/\/eo-vmw-jwpa.ku.de\/wordpress-ms\/wolkersdorfer\/wp-content\/uploads\/sites\/207\/2024\/02\/AE0A5165-768x512.jpg 768w, https:\/\/eo-vmw-jwpa.ku.de\/wordpress-ms\/wolkersdorfer\/wp-content\/uploads\/sites\/207\/2024\/02\/AE0A5165-1536x1024.jpg 1536w, https:\/\/eo-vmw-jwpa.ku.de\/wordpress-ms\/wolkersdorfer\/wp-content\/uploads\/sites\/207\/2024\/02\/AE0A5165-2048x1365.jpg 2048w, https:\/\/eo-vmw-jwpa.ku.de\/wordpress-ms\/wolkersdorfer\/wp-content\/uploads\/sites\/207\/2024\/02\/AE0A5165-1200x800.jpg 1200w, https:\/\/eo-vmw-jwpa.ku.de\/wordpress-ms\/wolkersdorfer\/wp-content\/uploads\/sites\/207\/2024\/02\/AE0A5165-1980x1320.jpg 1980w\" sizes=\"(max-width: 1024px) 100vw, 1024px\"><\/figure>\n<\/figure>\n\n\n\n<p class=\"has-small-font-size\" style=\"font-style:normal;font-weight:100\">\u201cRaf\u00adfi\u201d (20) \u2014 Stu\u00addent f\u00fcr Elek\u00adtrotech\u00adnik und Neben\u00adberu\u00adflich Ver\u00adanstal\u00adtung\u00adstech\u00adniker <\/p>\n\n\n<div class=\"pgc-sgb-cb wp-block-pgcsimplygalleryblock-masonry \" data-gallery-id=\"b9986188\"><div class=\"sgb-preloader\" id=\"pr_b9986188\">\n\t<div class=\"sgb-square\" style=\"background:#d4d4d4\"><\/div>\n\t<div class=\"sgb-square\" style=\"background:#d4d4d4\"><\/div>\n\t<div class=\"sgb-square\" style=\"background:#d4d4d4\"><\/div>\n\t<div class=\"sgb-square\" style=\"background:#d4d4d4\"><\/div><\/div><div class=\"simply-gallery-amp pgc_sgb_slider \"><noscript><div class=\"sgb-gallery\"><div class=\"sgb-item\"><a href=\"https:\/\/eo-vmw-jwpa.ku.de\/wordpress-ms\/wolkersdorfer\/erfahrungsbericht\/ae0a4984\/\" target=\"_blank\"><img loading=\"lazy\" decoding=\"async\" alt width=\"300\" height=\"200\" src=\"https:\/\/eo-vmw-jwpa.ku.de\/wordpress-ms\/wolkersdorfer\/wp-content\/uploads\/sites\/207\/2024\/02\/AE0A4984-300x200.jpg\" srcset=\"https:\/\/eo-vmw-jwpa.ku.de\/wordpress-ms\/wolkersdorfer\/wp-content\/uploads\/sites\/207\/2024\/02\/AE0A4984-300x200.jpg 300w,https:\/\/eo-vmw-jwpa.ku.de\/wordpress-ms\/wolkersdorfer\/wp-content\/uploads\/sites\/207\/2024\/02\/AE0A4984-1024x683.jpg 1024w,https:\/\/eo-vmw-jwpa.ku.de\/wordpress-ms\/wolkersdorfer\/wp-content\/uploads\/sites\/207\/2024\/02\/AE0A4984-scaled.jpg 2560w\" sizes=\"auto, 250px\"><\/a><\/div><div class=\"sgb-item\"><a href=\"https:\/\/eo-vmw-jwpa.ku.de\/wordpress-ms\/wolkersdorfer\/erfahrungsbericht\/ae0a5017\/\" target=\"_blank\"><img loading=\"lazy\" decoding=\"async\" alt width=\"300\" height=\"200\" src=\"https:\/\/eo-vmw-jwpa.ku.de\/wordpress-ms\/wolkersdorfer\/wp-content\/uploads\/sites\/207\/2024\/02\/AE0A5017-300x200.jpg\" srcset=\"https:\/\/eo-vmw-jwpa.ku.de\/wordpress-ms\/wolkersdorfer\/wp-content\/uploads\/sites\/207\/2024\/02\/AE0A5017-300x200.jpg 300w,https:\/\/eo-vmw-jwpa.ku.de\/wordpress-ms\/wolkersdorfer\/wp-content\/uploads\/sites\/207\/2024\/02\/AE0A5017-1024x683.jpg 1024w,https:\/\/eo-vmw-jwpa.ku.de\/wordpress-ms\/wolkersdorfer\/wp-content\/uploads\/sites\/207\/2024\/02\/AE0A5017-scaled.jpg 2560w\" sizes=\"auto, 250px\"><\/a><\/div><div class=\"sgb-item\"><a href=\"https:\/\/eo-vmw-jwpa.ku.de\/wordpress-ms\/wolkersdorfer\/erfahrungsbericht\/ae0a4995\/\" target=\"_blank\"><img loading=\"lazy\" decoding=\"async\" alt width=\"300\" height=\"200\" src=\"https:\/\/eo-vmw-jwpa.ku.de\/wordpress-ms\/wolkersdorfer\/wp-content\/uploads\/sites\/207\/2024\/02\/AE0A4995-300x200.jpg\" srcset=\"https:\/\/eo-vmw-jwpa.ku.de\/wordpress-ms\/wolkersdorfer\/wp-content\/uploads\/sites\/207\/2024\/02\/AE0A4995-300x200.jpg 300w,https:\/\/eo-vmw-jwpa.ku.de\/wordpress-ms\/wolkersdorfer\/wp-content\/uploads\/sites\/207\/2024\/02\/AE0A4995-1024x683.jpg 1024w,https:\/\/eo-vmw-jwpa.ku.de\/wordpress-ms\/wolkersdorfer\/wp-content\/uploads\/sites\/207\/2024\/02\/AE0A4995-scaled.jpg 2560w\" sizes=\"auto, 250px\"><\/a><\/div><\/div><\/noscript><\/div><script type=\"application\/json\" class=\"sgb-data\">{\"galleryType\":\"pgc_sgb_masonry\",\"galleryId\":\"b9986188\",\"images\":[{\"id\":219,\"title\":\"AE0A4984\",\"url\":\"https:\/\/eo-vmw-jwpa.ku.de\/wordpress-ms\/wolkersdorfer\/wp-content\/uploads\/sites\/207\/2024\/02\/AE0A4984-scaled.jpg\",\"link\":\"https:\/\/eo-vmw-jwpa.ku.de\/wordpress-ms\/wolkersdorfer\/erfahrungsbericht\/ae0a4984\/\",\"alt\":\"\",\"description\":\"\",\"caption\":\"\",\"mime\":\"image\/jpeg\",\"type\":\"image\",\"width\":2560,\"height\":1707,\"sizes\":{\"thumbnail\":{\"url\":\"https:\/\/eo-vmw-jwpa.ku.de\/wordpress-ms\/wolkersdorfer\/wp-content\/uploads\/sites\/207\/2024\/02\/AE0A4984-150x150.jpg\",\"height\":150,\"width\":150,\"orientation\":\"landscape\"},\"medium\":{\"url\":\"https:\/\/eo-vmw-jwpa.ku.de\/wordpress-ms\/wolkersdorfer\/wp-content\/uploads\/sites\/207\/2024\/02\/AE0A4984-300x200.jpg\",\"height\":200,\"width\":300,\"orientation\":\"landscape\"},\"large\":{\"url\":\"https:\/\/eo-vmw-jwpa.ku.de\/wordpress-ms\/wolkersdorfer\/wp-content\/uploads\/sites\/207\/2024\/02\/AE0A4984-1024x683.jpg\",\"height\":683,\"width\":1024,\"orientation\":\"landscape\"},\"full\":{\"url\":\"https:\/\/eo-vmw-jwpa.ku.de\/wordpress-ms\/wolkersdorfer\/wp-content\/uploads\/sites\/207\/2024\/02\/AE0A4984-scaled.jpg\",\"height\":1707,\"width\":2560,\"orientation\":\"landscape\"}},\"imageMeta\":{\"aperture\":\"4.5\",\"credit\":\"\",\"camera\":\"Canon EOS R7\",\"caption\":\"\",\"created_timestamp\":\"1706890238\",\"copyright\":\"\",\"focal_length\":\"105\",\"iso\":\"1000\",\"shutter_speed\":\"0.0125\",\"title\":\"\",\"orientation\":\"1\",\"keywords\":[]},\"meta\":false,\"postlink\":\"https:\/\/eo-vmw-jwpa.ku.de\/wordpress-ms\/wolkersdorfer\/erfahrungsbericht\/ae0a4984\/\"},{\"id\":218,\"title\":\"AE0A5017\",\"url\":\"https:\/\/eo-vmw-jwpa.ku.de\/wordpress-ms\/wolkersdorfer\/wp-content\/uploads\/sites\/207\/2024\/02\/AE0A5017-scaled.jpg\",\"link\":\"https:\/\/eo-vmw-jwpa.ku.de\/wordpress-ms\/wolkersdorfer\/erfahrungsbericht\/ae0a5017\/\",\"alt\":\"\",\"description\":\"\",\"caption\":\"\",\"mime\":\"image\/jpeg\",\"type\":\"image\",\"width\":2560,\"height\":1707,\"sizes\":{\"thumbnail\":{\"url\":\"https:\/\/eo-vmw-jwpa.ku.de\/wordpress-ms\/wolkersdorfer\/wp-content\/uploads\/sites\/207\/2024\/02\/AE0A5017-150x150.jpg\",\"height\":150,\"width\":150,\"orientation\":\"landscape\"},\"medium\":{\"url\":\"https:\/\/eo-vmw-jwpa.ku.de\/wordpress-ms\/wolkersdorfer\/wp-content\/uploads\/sites\/207\/2024\/02\/AE0A5017-300x200.jpg\",\"height\":200,\"width\":300,\"orientation\":\"landscape\"},\"large\":{\"url\":\"https:\/\/eo-vmw-jwpa.ku.de\/wordpress-ms\/wolkersdorfer\/wp-content\/uploads\/sites\/207\/2024\/02\/AE0A5017-1024x683.jpg\",\"height\":683,\"width\":1024,\"orientation\":\"landscape\"},\"full\":{\"url\":\"https:\/\/eo-vmw-jwpa.ku.de\/wordpress-ms\/wolkersdorfer\/wp-content\/uploads\/sites\/207\/2024\/02\/AE0A5017-scaled.jpg\",\"height\":1707,\"width\":2560,\"orientation\":\"landscape\"}},\"imageMeta\":{\"aperture\":\"4.5\",\"credit\":\"\",\"camera\":\"Canon EOS R7\",\"caption\":\"\",\"created_timestamp\":\"1706891195\",\"copyright\":\"\",\"focal_length\":\"100\",\"iso\":\"1600\",\"shutter_speed\":\"0.00625\",\"title\":\"\",\"orientation\":\"1\",\"keywords\":[]},\"meta\":false,\"postlink\":\"https:\/\/eo-vmw-jwpa.ku.de\/wordpress-ms\/wolkersdorfer\/erfahrungsbericht\/ae0a5017\/\"},{\"id\":217,\"title\":\"AE0A4995\",\"url\":\"https:\/\/eo-vmw-jwpa.ku.de\/wordpress-ms\/wolkersdorfer\/wp-content\/uploads\/sites\/207\/2024\/02\/AE0A4995-scaled.jpg\",\"link\":\"https:\/\/eo-vmw-jwpa.ku.de\/wordpress-ms\/wolkersdorfer\/erfahrungsbericht\/ae0a4995\/\",\"alt\":\"\",\"description\":\"\",\"caption\":\"\",\"mime\":\"image\/jpeg\",\"type\":\"image\",\"width\":2560,\"height\":1707,\"sizes\":{\"thumbnail\":{\"url\":\"https:\/\/eo-vmw-jwpa.ku.de\/wordpress-ms\/wolkersdorfer\/wp-content\/uploads\/sites\/207\/2024\/02\/AE0A4995-150x150.jpg\",\"height\":150,\"width\":150,\"orientation\":\"landscape\"},\"medium\":{\"url\":\"https:\/\/eo-vmw-jwpa.ku.de\/wordpress-ms\/wolkersdorfer\/wp-content\/uploads\/sites\/207\/2024\/02\/AE0A4995-300x200.jpg\",\"height\":200,\"width\":300,\"orientation\":\"landscape\"},\"large\":{\"url\":\"https:\/\/eo-vmw-jwpa.ku.de\/wordpress-ms\/wolkersdorfer\/wp-content\/uploads\/sites\/207\/2024\/02\/AE0A4995-1024x683.jpg\",\"height\":683,\"width\":1024,\"orientation\":\"landscape\"},\"full\":{\"url\":\"https:\/\/eo-vmw-jwpa.ku.de\/wordpress-ms\/wolkersdorfer\/wp-content\/uploads\/sites\/207\/2024\/02\/AE0A4995-scaled.jpg\",\"height\":1707,\"width\":2560,\"orientation\":\"landscape\"}},\"imageMeta\":{\"aperture\":\"4.5\",\"credit\":\"\",\"camera\":\"Canon EOS R7\",\"caption\":\"\",\"created_timestamp\":\"1706890622\",\"copyright\":\"\",\"focal_length\":\"105\",\"iso\":\"3200\",\"shutter_speed\":\"0.0025\",\"title\":\"\",\"orientation\":\"1\",\"keywords\":[]},\"meta\":false,\"postlink\":\"https:\/\/eo-vmw-jwpa.ku.de\/wordpress-ms\/wolkersdorfer\/erfahrungsbericht\/ae0a4995\/\"}],\"itemsMetaDataCollection\":[]}<\/script><script>(function(){if(window.PGC_SGB && window.PGC_SGB.searcher){window.PGC_SGB.searcher.initBlocks()}})()<\/script><\/div>\n\n\n<p class=\"has-drop-cap has-background\" style=\"background-color:#66beed\">Raf\u00adfi ist seit er denken kann ehre\u00adnamtlich bei der Wasserwacht in Eich\u00adst\u00e4tt t\u00e4tig. Neben\u00adbei studiert er in Ingol\u00adstadt, arbeit\u00adet schon neben\u00adberu\u00adflich und ist auch noch bei der Feuer\u00adwehr. Bei der Wasserwacht ist er regelm\u00e4\u00dfig Teil der Grup\u00adpen\u00adstun\u00adden und des Schwim\u00admunter\u00adrichts. Neben dem Beib\u00adrin\u00adgen der Grund\u00adla\u00adgen andere Men\u00adschen vor dem Ertrinkungstod zu bewahren, ist er mit\u00adtler\u00adweile selb\u00adst als <strong>Boots\u00adf\u00fchrer <\/strong>aktiv im Dienst. <\/p>\n\n\n\n<p class=\"has-background\" style=\"background-color:#66beed\">Acht bis Zehn mal im Jahr ist er mit dem Boot auf der Donau aktiv im Ein\u00adsatz. Zu seinen Auf\u00adgaben geh\u00f6rt es, Ret\u00adtungschwim\u00admer zu betrof\u00adfe\u00adnen Patien\u00adten im Wass\u00ader zu fahren, oder selb\u00adst\u00adst\u00e4ndig Patien\u00adten auf das Boot der Wasserwacht zu ret\u00adten. Au\u00dfer\u00addem wer\u00adden gro\u00dfe Events wie das \u201cDonauschwim\u00admen\u201d, durch Boote der Wasserwacht begleit\u00adet oder Per\u00adso\u00adn\u00aden von gr\u00f6\u00dferen Schif\u00adf\u00aden bei Unf\u00e4llen gebor\u00adgen und gerettet.<\/p>\n\n\n\n<figure class=\"wp-block-gallery has-nested-images columns-default is-cropped wp-block-gallery-2 is-layout-flex wp-block-gallery-is-layout-flex\">\n<figure class=\"wp-block-image size-large\"><img decoding=\"async\" width=\"1024\" height=\"683\" data-id=\"221\" src=\"https:\/\/eo-vmw-jwpa.ku.de\/wordpress-ms\/wolkersdorfer\/wp-content\/uploads\/sites\/207\/2024\/02\/AE0A4799-1024x683.jpg\" alt class=\"wp-image-221\" srcset=\"https:\/\/eo-vmw-jwpa.ku.de\/wordpress-ms\/wolkersdorfer\/wp-content\/uploads\/sites\/207\/2024\/02\/AE0A4799-1024x683.jpg 1024w, https:\/\/eo-vmw-jwpa.ku.de\/wordpress-ms\/wolkersdorfer\/wp-content\/uploads\/sites\/207\/2024\/02\/AE0A4799-300x200.jpg 300w, https:\/\/eo-vmw-jwpa.ku.de\/wordpress-ms\/wolkersdorfer\/wp-content\/uploads\/sites\/207\/2024\/02\/AE0A4799-768x512.jpg 768w, https:\/\/eo-vmw-jwpa.ku.de\/wordpress-ms\/wolkersdorfer\/wp-content\/uploads\/sites\/207\/2024\/02\/AE0A4799-1536x1024.jpg 1536w, https:\/\/eo-vmw-jwpa.ku.de\/wordpress-ms\/wolkersdorfer\/wp-content\/uploads\/sites\/207\/2024\/02\/AE0A4799-2048x1365.jpg 2048w, https:\/\/eo-vmw-jwpa.ku.de\/wordpress-ms\/wolkersdorfer\/wp-content\/uploads\/sites\/207\/2024\/02\/AE0A4799-1200x800.jpg 1200w, https:\/\/eo-vmw-jwpa.ku.de\/wordpress-ms\/wolkersdorfer\/wp-content\/uploads\/sites\/207\/2024\/02\/AE0A4799-1980x1320.jpg 1980w\" sizes=\"(max-width: 1024px) 100vw, 1024px\"><\/figure>\n<\/figure>\n\n\n\n<p class=\"has-background\" style=\"background-color:#66beed\">Doch der Weg zum Boots\u00adf\u00fchrer ist beschw\u00ader\u00adlich. Nach der Grun\u00addaus\u00adbil\u00addung geht es in die n\u00e4ch\u00adste Aus\u00adbil\u00addungsstufe als Wasser\u00adret\u00adter. Hier ler\u00adnen die Azu\u00adbis neue Gew\u00e4sser\u00adarten wie das Flie\u00dfgew\u00e4ss\u00ader ken\u00adnen. \u00c4hn\u00adlich zum klas\u00adsis\u00adchen Aut\u00adof\u00fchrerschein, m\u00fcssen die Absol\u00adven\u00adten min\u00addestens zehn Stun\u00adden vor der Boots\u00adf\u00fchrerschein\u00adpr\u00fc\u00adfung able\u00adgen. Raf\u00adfi w\u00fcrde aber mehr empfehlen. Um nun auch Boots\u00adf\u00fchrer der Wasserwacht wer\u00adden zu d\u00fcr\u00adfen, fol\u00adgt ein Kurs welch\u00ader aus The\u00ado\u00adrie- und Prax\u00adista\u00adgen beste\u00adht. Es endet mit ein\u00ader weit\u00aderen Pr\u00fc\u00adfung und dem offiziellen Schein. Das alles hat der Ehren\u00e4mtler nun hin\u00adter sich und ist acht bis zehn\u00admal pro Jahr mit dem Boot im Ein\u00adsatz.<\/p>\n\n\n\n<figure class=\"wp-block-image size-large\"><img decoding=\"async\" width=\"1024\" height=\"683\" src=\"https:\/\/eo-vmw-jwpa.ku.de\/wordpress-ms\/wolkersdorfer\/wp-content\/uploads\/sites\/207\/2024\/02\/AE0A4921-1024x683.jpg\" alt class=\"wp-image-236\" srcset=\"https:\/\/eo-vmw-jwpa.ku.de\/wordpress-ms\/wolkersdorfer\/wp-content\/uploads\/sites\/207\/2024\/02\/AE0A4921-1024x683.jpg 1024w, https:\/\/eo-vmw-jwpa.ku.de\/wordpress-ms\/wolkersdorfer\/wp-content\/uploads\/sites\/207\/2024\/02\/AE0A4921-300x200.jpg 300w, https:\/\/eo-vmw-jwpa.ku.de\/wordpress-ms\/wolkersdorfer\/wp-content\/uploads\/sites\/207\/2024\/02\/AE0A4921-768x512.jpg 768w, https:\/\/eo-vmw-jwpa.ku.de\/wordpress-ms\/wolkersdorfer\/wp-content\/uploads\/sites\/207\/2024\/02\/AE0A4921-1536x1024.jpg 1536w, https:\/\/eo-vmw-jwpa.ku.de\/wordpress-ms\/wolkersdorfer\/wp-content\/uploads\/sites\/207\/2024\/02\/AE0A4921-2048x1365.jpg 2048w, https:\/\/eo-vmw-jwpa.ku.de\/wordpress-ms\/wolkersdorfer\/wp-content\/uploads\/sites\/207\/2024\/02\/AE0A4921-1200x800.jpg 1200w, https:\/\/eo-vmw-jwpa.ku.de\/wordpress-ms\/wolkersdorfer\/wp-content\/uploads\/sites\/207\/2024\/02\/AE0A4921-1980x1320.jpg 1980w\" sizes=\"(max-width: 1024px) 100vw, 1024px\"><\/figure>\n\n\n\n<h2 class=\"wp-block-heading\">Markus R\u00f6ttel und Anna Strigl <\/h2>\n\n\n\n<figure class=\"wp-block-gallery has-nested-images columns-default is-cropped wp-block-gallery-3 is-layout-flex wp-block-gallery-is-layout-flex\">\n<figure class=\"wp-block-image size-large\"><img loading=\"lazy\" decoding=\"async\" width=\"1024\" height=\"683\" data-id=\"391\" src=\"https:\/\/eo-vmw-jwpa.ku.de\/wordpress-ms\/wolkersdorfer\/wp-content\/uploads\/sites\/207\/2024\/02\/AE0A5169-1024x683.jpg\" alt class=\"wp-image-391\" srcset=\"https:\/\/eo-vmw-jwpa.ku.de\/wordpress-ms\/wolkersdorfer\/wp-content\/uploads\/sites\/207\/2024\/02\/AE0A5169-1024x683.jpg 1024w, https:\/\/eo-vmw-jwpa.ku.de\/wordpress-ms\/wolkersdorfer\/wp-content\/uploads\/sites\/207\/2024\/02\/AE0A5169-300x200.jpg 300w, https:\/\/eo-vmw-jwpa.ku.de\/wordpress-ms\/wolkersdorfer\/wp-content\/uploads\/sites\/207\/2024\/02\/AE0A5169-768x512.jpg 768w, https:\/\/eo-vmw-jwpa.ku.de\/wordpress-ms\/wolkersdorfer\/wp-content\/uploads\/sites\/207\/2024\/02\/AE0A5169-1536x1024.jpg 1536w, https:\/\/eo-vmw-jwpa.ku.de\/wordpress-ms\/wolkersdorfer\/wp-content\/uploads\/sites\/207\/2024\/02\/AE0A5169-2048x1365.jpg 2048w, https:\/\/eo-vmw-jwpa.ku.de\/wordpress-ms\/wolkersdorfer\/wp-content\/uploads\/sites\/207\/2024\/02\/AE0A5169-1200x800.jpg 1200w, https:\/\/eo-vmw-jwpa.ku.de\/wordpress-ms\/wolkersdorfer\/wp-content\/uploads\/sites\/207\/2024\/02\/AE0A5169-1980x1320.jpg 1980w\" sizes=\"(max-width: 1024px) 100vw, 1024px\"><\/figure>\n\n\n\n<figure class=\"wp-block-image size-large\"><img loading=\"lazy\" decoding=\"async\" width=\"1024\" height=\"683\" data-id=\"389\" src=\"https:\/\/eo-vmw-jwpa.ku.de\/wordpress-ms\/wolkersdorfer\/wp-content\/uploads\/sites\/207\/2024\/02\/AE0A5164-1024x683.jpg\" alt class=\"wp-image-389\" srcset=\"https:\/\/eo-vmw-jwpa.ku.de\/wordpress-ms\/wolkersdorfer\/wp-content\/uploads\/sites\/207\/2024\/02\/AE0A5164-1024x683.jpg 1024w, https:\/\/eo-vmw-jwpa.ku.de\/wordpress-ms\/wolkersdorfer\/wp-content\/uploads\/sites\/207\/2024\/02\/AE0A5164-300x200.jpg 300w, https:\/\/eo-vmw-jwpa.ku.de\/wordpress-ms\/wolkersdorfer\/wp-content\/uploads\/sites\/207\/2024\/02\/AE0A5164-768x512.jpg 768w, https:\/\/eo-vmw-jwpa.ku.de\/wordpress-ms\/wolkersdorfer\/wp-content\/uploads\/sites\/207\/2024\/02\/AE0A5164-1536x1024.jpg 1536w, https:\/\/eo-vmw-jwpa.ku.de\/wordpress-ms\/wolkersdorfer\/wp-content\/uploads\/sites\/207\/2024\/02\/AE0A5164-2048x1365.jpg 2048w, https:\/\/eo-vmw-jwpa.ku.de\/wordpress-ms\/wolkersdorfer\/wp-content\/uploads\/sites\/207\/2024\/02\/AE0A5164-1200x800.jpg 1200w, https:\/\/eo-vmw-jwpa.ku.de\/wordpress-ms\/wolkersdorfer\/wp-content\/uploads\/sites\/207\/2024\/02\/AE0A5164-1980x1320.jpg 1980w\" sizes=\"(max-width: 1024px) 100vw, 1024px\"><\/figure>\n<\/figure>\n\n\n\n<p class=\"has-drop-cap has-background\" style=\"background-color:#66beed\">Markus R\u00f6t\u00adtel (43) ken\u00adnt Raf\u00adfi und Anna schon seit \u201cimmer\u201d. Der Elek\u00adtromeis\u00adter ver\u00adfol\u00adgte bei\u00adde in ihren Grun\u00addaus\u00adbil\u00addun\u00adgen und kon\u00adnte mit anse\u00adhen, wie die bei\u00adden nun selb\u00adst das Train\u00ading f\u00fcr die Kinder und Jugendlichen schmei\u00dfen. Mit f\u00fcnf Jahren begann Anna (19) ihr Schwimm\u00adtrain\u00ading. Neben ihrem Beruf als Kranken\u00adschwest\u00ader opfert sie w\u00f6chentlich sieben bis zehn Stun\u00adden f\u00fcr die regelm\u00e4\u00dfi\u00adgen Train\u00ading\u00adsein\u00adheit\u00aden der jun\u00adgen Mit\u00adglieder. Markus treibt das als \u201ctech\u00adnis\u00adch\u00ader Leit\u00ader auf Lan\u00addesebene\u201d auf die Spitze. Unter 50 Stun\u00adden an ehre\u00adnamtlich\u00ader Arbeit pro Woche hat er sel\u00adten. \u201cJa doch, es ist es schon Wert\u201d, lacht er, erw\u00e4h\u00adnt aber auch, dass es Tage gibt an denen man sich das ganze nochmal \u00fcber\u00adlegt. <\/p>\n\n\n\n<figure class=\"wp-block-gallery has-nested-images columns-default is-cropped wp-block-gallery-4 is-layout-flex wp-block-gallery-is-layout-flex\">\n<figure class=\"wp-block-image size-large\"><img loading=\"lazy\" decoding=\"async\" width=\"1024\" height=\"683\" data-id=\"471\" src=\"https:\/\/eo-vmw-jwpa.ku.de\/wordpress-ms\/wolkersdorfer\/wp-content\/uploads\/sites\/207\/2024\/02\/AE0A5015-1024x683.jpg\" alt class=\"wp-image-471\" srcset=\"https:\/\/eo-vmw-jwpa.ku.de\/wordpress-ms\/wolkersdorfer\/wp-content\/uploads\/sites\/207\/2024\/02\/AE0A5015-1024x683.jpg 1024w, https:\/\/eo-vmw-jwpa.ku.de\/wordpress-ms\/wolkersdorfer\/wp-content\/uploads\/sites\/207\/2024\/02\/AE0A5015-300x200.jpg 300w, https:\/\/eo-vmw-jwpa.ku.de\/wordpress-ms\/wolkersdorfer\/wp-content\/uploads\/sites\/207\/2024\/02\/AE0A5015-768x512.jpg 768w, https:\/\/eo-vmw-jwpa.ku.de\/wordpress-ms\/wolkersdorfer\/wp-content\/uploads\/sites\/207\/2024\/02\/AE0A5015-1536x1024.jpg 1536w, https:\/\/eo-vmw-jwpa.ku.de\/wordpress-ms\/wolkersdorfer\/wp-content\/uploads\/sites\/207\/2024\/02\/AE0A5015-2048x1365.jpg 2048w, https:\/\/eo-vmw-jwpa.ku.de\/wordpress-ms\/wolkersdorfer\/wp-content\/uploads\/sites\/207\/2024\/02\/AE0A5015-1200x800.jpg 1200w, https:\/\/eo-vmw-jwpa.ku.de\/wordpress-ms\/wolkersdorfer\/wp-content\/uploads\/sites\/207\/2024\/02\/AE0A5015-1980x1320.jpg 1980w\" sizes=\"(max-width: 1024px) 100vw, 1024px\"><\/figure>\n\n\n\n<figure class=\"wp-block-image size-large\"><img loading=\"lazy\" decoding=\"async\" width=\"1024\" height=\"683\" data-id=\"472\" src=\"https:\/\/eo-vmw-jwpa.ku.de\/wordpress-ms\/wolkersdorfer\/wp-content\/uploads\/sites\/207\/2024\/02\/AE0A4985-1024x683.jpg\" alt class=\"wp-image-472\" srcset=\"https:\/\/eo-vmw-jwpa.ku.de\/wordpress-ms\/wolkersdorfer\/wp-content\/uploads\/sites\/207\/2024\/02\/AE0A4985-1024x683.jpg 1024w, https:\/\/eo-vmw-jwpa.ku.de\/wordpress-ms\/wolkersdorfer\/wp-content\/uploads\/sites\/207\/2024\/02\/AE0A4985-300x200.jpg 300w, https:\/\/eo-vmw-jwpa.ku.de\/wordpress-ms\/wolkersdorfer\/wp-content\/uploads\/sites\/207\/2024\/02\/AE0A4985-768x512.jpg 768w, https:\/\/eo-vmw-jwpa.ku.de\/wordpress-ms\/wolkersdorfer\/wp-content\/uploads\/sites\/207\/2024\/02\/AE0A4985-1536x1024.jpg 1536w, https:\/\/eo-vmw-jwpa.ku.de\/wordpress-ms\/wolkersdorfer\/wp-content\/uploads\/sites\/207\/2024\/02\/AE0A4985-2048x1365.jpg 2048w, https:\/\/eo-vmw-jwpa.ku.de\/wordpress-ms\/wolkersdorfer\/wp-content\/uploads\/sites\/207\/2024\/02\/AE0A4985-1200x800.jpg 1200w, https:\/\/eo-vmw-jwpa.ku.de\/wordpress-ms\/wolkersdorfer\/wp-content\/uploads\/sites\/207\/2024\/02\/AE0A4985-1980x1320.jpg 1980w\" sizes=\"(max-width: 1024px) 100vw, 1024px\"><\/figure>\n<\/figure>\n\n\n\n<p class=\"has-background\" style=\"background-color:#66beed\">\u201cZur Wei\u00adh\u00adnachts\u00adfeier mal ein kleines Present und einen war\u00admen H\u00e4nd\u00ade\u00addruck\u201d, schmun\u00adzelt Markus. Finanzielle Aufwand\u00adsentsch\u00e4di\u00adgung gibt es nicht. \u201cAber es macht Spa\u00df!\u201d, betont Anna nochein\u00admal. <\/p>\n","protected":false},"excerpt":{"rendered":"<p>Raf\u00adfi \u201cRaf\u00adfi\u201d (20) \u2014 Stu\u00addent f\u00fcr Elek\u00adtrotech\u00adnik und Neben\u00adberu\u00adflich Ver\u00adanstal\u00adtung\u00adstech\u00adniker Raf\u00adfi ist seit er denken kann ehre\u00adnamtlich bei der Wasserwacht in Eich\u00adst\u00e4tt t\u00e4tig. Neben\u00adbei studiert er in Ingol\u00adstadt, arbeit\u00adet schon neben\u00adberu\u00adflich und ist auch noch bei der Feuer\u00adwehr. Bei der Wasserwacht ist er regelm\u00e4\u00dfig Teil der Grup\u00adpen\u00adstun\u00adden und des Schwim\u00admunter\u00adrichts. Neben dem Beib\u00adrin\u00adgen der Grund\u00adla\u00adgen\u2026<\/p>\n","protected":false},"author":201,"featured_media":0,"parent":0,"menu_order":0,"comment_status":"closed","ping_status":"closed","template":"","meta":{"wp_typography_post_enhancements_disabled":false,"pgc_sgb_lightbox_settings":"","footnotes":""},"class_list":["post-207","page","type-page","status-publish","hentry"],"_links":{"self":[{"href":"https:\/\/eo-vmw-jwpa.ku.de\/wordpress-ms\/wolkersdorfer\/wp-json\/wp\/v2\/pages\/207","targetHints":{"allow":["GET"]}}],"collection":[{"href":"https:\/\/eo-vmw-jwpa.ku.de\/wordpress-ms\/wolkersdorfer\/wp-json\/wp\/v2\/pages"}],"about":[{"href":"https:\/\/eo-vmw-jwpa.ku.de\/wordpress-ms\/wolkersdorfer\/wp-json\/wp\/v2\/types\/page"}],"author":[{"embeddable":true,"href":"https:\/\/eo-vmw-jwpa.ku.de\/wordpress-ms\/wolkersdorfer\/wp-json\/wp\/v2\/users\/201"}],"replies":[{"embeddable":true,"href":"https:\/\/eo-vmw-jwpa.ku.de\/wordpress-ms\/wolkersdorfer\/wp-json\/wp\/v2\/comments?post=207"}],"version-history":[{"count":10,"href":"https:\/\/eo-vmw-jwpa.ku.de\/wordpress-ms\/wolkersdorfer\/wp-json\/wp\/v2\/pages\/207\/revisions"}],"predecessor-version":[{"id":627,"href":"https:\/\/eo-vmw-jwpa.ku.de\/wordpress-ms\/wolkersdorfer\/wp-json\/wp\/v2\/pages\/207\/revisions\/627"}],"wp:attachment":[{"href":"https:\/\/eo-vmw-jwpa.ku.de\/wordpress-ms\/wolkersdorfer\/wp-json\/wp\/v2\/media?parent=207"}],"curies":[{"name":"wp","href":"https:\/\/api.w.org\/{rel}","templated":true}]}}