{"id":149,"date":"2025-02-24T22:06:12","date_gmt":"2025-02-24T21:06:12","guid":{"rendered":"https:\/\/eo-vmw-jwpa.ku.de\/wordpress-ms\/schlachter\/?page_id=149"},"modified":"2025-02-24T22:52:56","modified_gmt":"2025-02-24T21:52:56","slug":"impressum","status":"publish","type":"page","link":"https:\/\/eo-vmw-jwpa.ku.de\/wordpress-ms\/schlachter\/impressum\/","title":{"rendered":"Impressum"},"content":{"rendered":"\n<p class=\"has-text-color has-background has-link-color wp-elements-582c78d1fa6881b56e35a61acf8b8882\" style=\"color:#fffefe;background-color:#920000\">Angaben gem\u00e4\u00df \u00a7 5 DDG<\/p>\n\n\n\n<p class=\"has-contrast-background-color has-text-color has-background has-link-color wp-elements-b8bc2fee397b458c068535f8798beb60\" style=\"color:#ffffff\">Tim Schlachter<br>Gr\u00fcn\u00adten\u00adweg 25<br>88161 Lin\u00adden\u00adberg<\/p>\n\n\n\n<p class=\"has-text-color has-background has-link-color wp-elements-de27b76d89a478a79437cd6884a2da94\" style=\"color:#ffffff;background-color:#920000\">Vertreten durch: Tim Schlachter<\/p>\n\n\n\n<p class=\"has-contrast-background-color has-text-color has-background has-link-color wp-elements-d3330508373739b54ca4d86565f501d2\" style=\"color:#ffffff\"><strong>Kon\u00adtakt:<\/strong><br>Tele\u00adfon: +49 151 28991186<br>E\u2011Mail:&nbsp;<a href=\"mailto:merlin.isabo@stud.ku.de\">timschlachter@web.de<\/a><\/p>\n\n\n\n<p class=\"has-text-color has-background has-link-color wp-elements-bd6358a09e1e57ff2f2cacfdbc20b676\" style=\"color:#ffffff;background-color:#920000\"><strong>Ver\u00adant\u00adwortlich f\u00fcr den Inhalt nach \u00a7 55 Abs. 2 RStV:<\/strong><br>Tim Schlachter<br>Gr\u00fcn\u00adten\u00adweg 25<br>88161 Lin\u00adden\u00adberg<\/p>\n\n\n\n<p class=\"has-contrast-background-color has-text-color has-background has-link-color wp-elements-f7b14182f3fc032578de1e1c1bbf401e\" style=\"color:#ffffff\"><br><strong>Haf\u00adtung f\u00fcr Inhalte:<\/strong><br><br>Die Inhalte unser\u00ader Seit\u00aden wur\u00adden mit gr\u00f6\u00dfter Sorgfalt erstellt. F\u00fcr die Richtigkeit, Voll\u00adst\u00e4ndigkeit und Aktu\u00adal\u00adit\u00e4t der Inhalte k\u00f6n\u00adnen wir jedoch keine Gew\u00e4hr \u00fcbernehmen. Als Dien\u00adstean\u00adbi\u00adeter sind wir gem\u00e4\u00df \u00a7 7 Abs.1 DDG f\u00fcr eigene Inhalte auf diesen Seit\u00aden nach den all\u00adge\u00admeinen Geset\u00adzen ver\u00adant\u00adwortlich. Nach \u00a7\u00a7 8 bis 10 DDG sind wir als Dien\u00adstean\u00adbi\u00adeter jedoch nicht verpflichtet, \u00fcber\u00admit\u00adtelte oder gespe\u00adicherte fremde Infor\u00adma\u00adtio\u00adnen zu \u00fcberwachen oder nach Umst\u00e4n\u00adden zu forschen, die auf eine rechtswidrige T\u00e4tigkeit hin\u00adweisen. Verpflich\u00adtun\u00adgen zur Ent\u00adfer\u00adnung oder Sper\u00adrung der Nutzung von Infor\u00adma\u00adtio\u00adnen nach den all\u00adge\u00admeinen Geset\u00adzen bleiben hier\u00advon unber\u00fchrt. Eine dies\u00adbez\u00fcgliche Haf\u00adtung ist jedoch erst ab dem Zeit\u00adpunkt der Ken\u00adnt\u00adnis ein\u00ader konkreten Rechtsver\u00adlet\u00adzung m\u00f6glich. Bei Bekan\u00adntwer\u00adden von entsprechen\u00adden Rechtsver\u00adlet\u00adzun\u00adgen wer\u00adden wir diese Inhalte umge\u00adhend ent\u00adfer\u00adnen.<br><br><strong>Haf\u00adtung f\u00fcr Links:<\/strong><br><br>Unser Ange\u00adbot enth\u00e4lt Links zu exter\u00adnen Web\u00adseit\u00aden Drit\u00adter, auf deren Inhalte wir keinen Ein\u00adfluss haben. Deshalb k\u00f6n\u00adnen wir f\u00fcr diese frem\u00adden Inhalte auch keine Gew\u00e4hr \u00fcbernehmen. F\u00fcr die Inhalte der ver\u00adlink\u00adten Seit\u00aden ist stets der jew\u00adeilige Anbi\u00adeter oder Betreiber der Seit\u00aden ver\u00adant\u00adwortlich. Die ver\u00adlink\u00adten Seit\u00aden wur\u00adden zum Zeit\u00adpunkt der Ver\u00adlinkung auf m\u00f6gliche Rechtsver\u00adst\u00f6\u00dfe \u00fcber\u00adpr\u00fcft. Rechtswidrige Inhalte waren zum Zeit\u00adpunkt der Ver\u00adlinkung nicht erkennbar. Eine per\u00adma\u00adnente inhaltliche Kon\u00adtrolle der ver\u00adlink\u00adten Seit\u00aden ist jedoch ohne konkrete Anhalt\u00adspunk\u00adte ein\u00ader Rechtsver\u00adlet\u00adzung nicht zumut\u00adbar. Bei Bekan\u00adntwer\u00adden von Rechtsver\u00adlet\u00adzun\u00adgen wer\u00adden wir der\u00adar\u00adtige Links umge\u00adhend ent\u00adfer\u00adnen.<br><br><strong>Urhe\u00adber\u00adrecht:<\/strong><br><br>Die durch die Seit\u00aden\u00adbe\u00adtreiber erstell\u00adten Inhalte und Werke auf diesen Seit\u00aden unter\u00adliegen dem deutschen Urhe\u00adber\u00adrecht. Die Vervielf\u00e4l\u00adti\u00adgung, Bear\u00adbeitung, Ver\u00adbre\u00aditung und jede Art der Ver\u00adw\u00ader\u00adtung au\u00dfer\u00adhalb der Gren\u00adzen des Urhe\u00adber\u00adrecht\u00ades bed\u00fcr\u00adfen der schriftlichen Zus\u00adtim\u00admung des jew\u00adeili\u00adgen Autors bzw. Erstellers. Down\u00adloads und Kopi\u00aden dieser Seite sind nur f\u00fcr den pri\u00advat\u00aden, nicht kom\u00admerziellen Gebrauch ges\u00adtat\u00adtet. Soweit die Inhalte auf dieser Seite nicht vom Betreiber erstellt wur\u00adden, wer\u00adden die Urhe\u00adber\u00adrechte Drit\u00adter beachtet. Ins\u00adbeson\u00addere wer\u00adden Inhalte Drit\u00adter als solche gekennze\u00adich\u00adnet. Soll\u00adten Sie trotz\u00addem auf eine Urhe\u00adber\u00adrechtsver\u00adlet\u00adzung aufmerk\u00adsam wer\u00adden, bit\u00adten wir um einen entsprechen\u00adden Hin\u00adweis. Bei Bekan\u00adntwer\u00adden von Rechtsver\u00adlet\u00adzun\u00adgen wer\u00adden wir der\u00adar\u00adtige Inhalte umge\u00adhend ent\u00adfer\u00adnen.<br><br><strong>Daten\u00adschutz:<\/strong><br><br>Die Nutzung unser\u00ader Web\u00adseite ist in der Regel ohne Angabe per\u00adso\u00adn\u00aden\u00adbe\u00adzo\u00adgen\u00ader Dat\u00aden m\u00f6glich. Soweit auf unseren Seit\u00aden per\u00adso\u00adn\u00aden\u00adbe\u00adzo\u00adgene Dat\u00aden (beispiel\u00adsweise Name, Anschrift oder eMail-Adressen) erhoben wer\u00adden, erfol\u00adgt dies, soweit m\u00f6glich, stets auf frei\u00adwilliger Basis. Diese Dat\u00aden wer\u00adden ohne Ihre aus\u00addr\u00fcck\u00adliche Zus\u00adtim\u00admung nicht an Dritte weit\u00adergegeben.<br>Wir weisen darauf hin, dass die Daten\u00fcber\u00adtra\u00adgung im Inter\u00adnet (z.B. bei der Kom\u00admu\u00adnika\u00adtion per E\u2011Mail) Sicher\u00adheit\u00adsl\u00fcck\u00aden aufweisen kann. Ein l\u00fcck\u00aden\u00adlos\u00ader Schutz der Dat\u00aden vor dem Zugriff durch Dritte ist nicht m\u00f6glich.<br>Der Nutzung von im Rah\u00admen der Impres\u00adsum\u00adspflicht ver\u00f6f\u00adfentlicht\u00aden Kon\u00adtak\u00adt\u00addat\u00aden durch Dritte zur \u00dcbersendung von nicht aus\u00addr\u00fcck\u00adlich ange\u00adfordert\u00ader Wer\u00adbung und Infor\u00adma\u00adtion\u00ads\u00adma\u00adte\u00adri\u00adalien wird hier\u00admit aus\u00addr\u00fcck\u00adlich wider\u00adsprochen. Die Betreiber der Seit\u00aden behal\u00adten sich aus\u00addr\u00fcck\u00adlich rechtliche Schritte im Falle der unver\u00adlangten Zusendung von Wer\u00adbe\u00adin\u00adfor\u00adma\u00adtio\u00adnen, etwa durch Spam-Mails, vor.<\/p>\n","protected":false},"excerpt":{"rendered":"<p>Angaben gem\u00e4\u00df \u00a7 5 DDG Tim SchlachterGr\u00fcn\u00adten\u00adweg 2588161 Lin\u00adden\u00adberg Vertreten durch: Tim Schlachter Kon\u00adtakt:Tele\u00adfon: +49 151 28991186E\u2011Mail:&nbsp;timschlachter@web.de Ver\u00adant\u00adwortlich f\u00fcr den Inhalt nach \u00a7 55 Abs. 2 RStV:Tim SchlachterGr\u00fcn\u00adten\u00adweg 2588161 Lin\u00adden\u00adberg Haf\u00adtung f\u00fcr Inhalte: Die Inhalte unser\u00ader Seit\u00aden wur\u00adden mit gr\u00f6\u00dfter Sorgfalt erstellt. F\u00fcr die Richtigkeit, Voll\u00adst\u00e4ndigkeit und Aktu\u00adal\u00adit\u00e4t der Inhalte k\u00f6n\u00adnen wir jedoch keine Gew\u00e4hr [\u2026]<\/p>\n","protected":false},"author":210,"featured_media":0,"parent":0,"menu_order":0,"comment_status":"closed","ping_status":"closed","template":"","meta":{"wp_typography_post_enhancements_disabled":false,"pgc_sgb_lightbox_settings":"","footnotes":""},"class_list":["post-149","page","type-page","status-publish","hentry"],"_links":{"self":[{"href":"https:\/\/eo-vmw-jwpa.ku.de\/wordpress-ms\/schlachter\/wp-json\/wp\/v2\/pages\/149","targetHints":{"allow":["GET"]}}],"collection":[{"href":"https:\/\/eo-vmw-jwpa.ku.de\/wordpress-ms\/schlachter\/wp-json\/wp\/v2\/pages"}],"about":[{"href":"https:\/\/eo-vmw-jwpa.ku.de\/wordpress-ms\/schlachter\/wp-json\/wp\/v2\/types\/page"}],"author":[{"embeddable":true,"href":"https:\/\/eo-vmw-jwpa.ku.de\/wordpress-ms\/schlachter\/wp-json\/wp\/v2\/users\/210"}],"replies":[{"embeddable":true,"href":"https:\/\/eo-vmw-jwpa.ku.de\/wordpress-ms\/schlachter\/wp-json\/wp\/v2\/comments?post=149"}],"version-history":[{"count":2,"href":"https:\/\/eo-vmw-jwpa.ku.de\/wordpress-ms\/schlachter\/wp-json\/wp\/v2\/pages\/149\/revisions"}],"predecessor-version":[{"id":169,"href":"https:\/\/eo-vmw-jwpa.ku.de\/wordpress-ms\/schlachter\/wp-json\/wp\/v2\/pages\/149\/revisions\/169"}],"wp:attachment":[{"href":"https:\/\/eo-vmw-jwpa.ku.de\/wordpress-ms\/schlachter\/wp-json\/wp\/v2\/media?parent=149"}],"curies":[{"name":"wp","href":"https:\/\/api.w.org\/{rel}","templated":true}]}}